3*s - 181206 - 81540 = 0. Suppose 5*g - 7*g + 2*h + s = 0, 0 = -f*g - 5*h + 15942. Is g a composite number?
True
Let k(a) be the second derivative of 9*a**5/20 - 4*a**4/3 + 5*a**3/3 - 21*a**2/2 - 3*a. Let h be k(6). Suppose 5*x - h = 808. Is x prime?
True
Let z = -503 - -990. Suppose -5*s - 1644 = v, 0 = -0*s + 2*s - 2*v + 660. Let q = z + s. Is q a composite number?
True
Let t be -2 + (-2 - 4293)/(-5). Suppose -2*m = -t - 3345. Is m composite?
True
Suppose 0 = 12*v + 332 - 104. Let b = v + 20. Suppose x = b, 3*i + 4*x - 3*x = 2314. Is i a prime number?
False
Suppose 2*h - 1205 = t, 3*h - 2018 = t - 213. Suppose z = h - 134. Suppose -6*g + z + 476 = 0. Is g a prime number?
True
Let w(m) = 2*m**3 - 16*m**2 + 4*m - 6. Let v be w(8). Let r = 4 + v. Is (-6)/r*-1*(-1 - -3366) a composite number?
False
Let b = -31 + 56. Suppose -b + 1 = -3*x. Let y(d) = 177*d - 17. Is y(x) a composite number?
False
Let s = 149 + -138. Suppose -s*b + 3*n - 1247 = -15*b, -5*b + 3*n = -1579. Is b composite?
True
Suppose 199748 + 567810 = 22*y. Is y a composite number?
True
Let k(w) be the second derivative of -331*w**3/3 - 37*w**2/2 + 3*w + 24. Is k(-3) a composite number?
False
Suppose 3*g - p = -26, 5*p - 32 = 30*g - 29*g. Is -7 - 31029/(-21) - 3/g prime?
True
Let r(m) = 3*m**2 + 16*m - 11. Suppose 4*q + 1 + 7 = 0. Let b be (12/q)/(4/(-8)). Is r(b) prime?
True
Let c = 389894 + 507045. Is c prime?
False
Suppose -341134 = 257*q - 2114944 - 19793. Is q composite?
True
Let m = 0 - 36. Is m/(-3)*698/8 composite?
True
Suppose -6*u = 70645 - 10249. Is u/(-21)*(-12)/(-8) composite?
False
Suppose 895240 = -7*f - 18*f + 3723690. Is f composite?
True
Suppose 4*n - 2*s = 115044, 4*n + 8*s = 4*s + 115032. Let d = n + -17181. Is d prime?
True
Suppose 0*n = -2*n + 3*k + 249472, 5*k + 498946 = 4*n. Is n composite?
False
Is 22878/(-984)*((-34937)/15 + (-1)/5) prime?
False
Let h(k) = -1298*k**3 + 2*k**2 + 3. Let d be h(2). Let q = -6070 - d. Is q composite?
True
Suppose 214*o - 3777686 = 166*o + 5490106. Is o a prime number?
False
Let f = 645924 - 366350. Is f a composite number?
True
Let z = 238104 - 124333. Is z a prime number?
False
Let u(l) = 34*l**2 + 7*l - 6. Let c be u(1). Suppose 0 = w + 3*x - 12135, -60723 = -5*w + 32*x - c*x. Is w composite?
True
Let s(h) = -h - 8. Let t be s(-11). Suppose -t*c = 2*g + 2*g, g = -3*c. Suppose -407 = -5*q + 3*n + 429, c = q - 3*n - 160. Is q composite?
True
Let l = -255 + 273. Suppose 74*o - 291592 = l*o. Is o a composite number?
True
Let n = -58 + 67. Suppose n*m - 7*m - 6 = 0. Suppose 5*i = -3*s + 4844, m*i - 2*s - 2898 = -s. Is i a prime number?
True
Suppose 16*k = -0*k + 101985 + 352879. Is k composite?
False
Is 203122 + 3 - ((9 - -1) + -7 + 5) prime?
True
Let a be 1/(-2) + (-2)/((-20)/(-286425)). Let z = 64182 + a. Is z prime?
False
Let q = -614 - -621. Suppose 3*z - 4*d = q*z - 21740, -4*d = 5*z - 27177. Is z a composite number?
False
Let x be (-34)/170 + (-6619)/5. Let i = x + 4085. Is i a composite number?
True
Let h = 38521 + 25126. Is h a composite number?
False
Let x = -366829 - -748082. Is x a prime number?
True
Suppose -7*w = -3*w - 646817 - 28307. Is w a composite number?
False
Let i(u) = -496*u**3 - 165*u**2 - 1101*u - 17. Is i(-7) a prime number?
True
Let s(p) = 257*p**2 - 2*p + 2. Let k = 103 - 106. Is s(k) composite?
True
Suppose -10*w = k - 12*w - 160963, -5*w + 160977 = k. Is k a composite number?
False
Let a be 1392/(-435)*10*-10. Let c = -300 + 171. Let p = a - c. Is p prime?
True
Suppose 2*x = -5*v + 14, v - 3*x - 11 = 2. Suppose 6*l + v = 58. Is 736/l - (-40)/180 a prime number?
False
Suppose 8*x - 3989 - 22755 = 0. Suppose -z = -2253 - x. Suppose 0 = 3*f + f - z. Is f a prime number?
True
Let p be (-7)/(-4) + 10/40. Suppose 2*i + 2*v = -p*v + 10608, -4*v = 3*i - 15902. Let g = 8067 - i. Is g a prime number?
False
Let t = 78833 - 47218. Is t composite?
True
Let n be 0 - (-3)/6 - (-60)/(-40). Is ((-288)/(-864))/(n + (-10003)/(-10002)) a composite number?
True
Is (248 + -251)*(-2560335)/9 prime?
False
Suppose j - 210951 = -s + 367437, 3*s - 1735206 = -9*j. Is s a prime number?
False
Suppose -8 = 3*w + 2*r + 7, -5*r = w + 18. Let q(c) = 29*c**3 - 2*c**2 + 2. Let h be q(w). Let m = h + 2058. Is m a composite number?
False
Let v(m) = 8*m**2 - 27*m - 7074. Is v(143) composite?
False
Suppose -2*k + 2264 = -3*v, 1380 = 5*k + 5*v - 4330. Suppose 0 = 12*b - 3290 - k. Let a = b + -184. Is a a composite number?
True
Let y(v) = -24*v**2 - 64*v - 70. Let b(p) = -24*p**2 - 65*p - 73. Let j(m) = 3*b(m) - 4*y(m). Is j(-26) composite?
False
Let w(r) = r**3 + 6*r**2 + 6*r. Let d be w(-4). Let p(q) = 19 + 0*q**3 - 2*q - 28 - 2*q**2 + 2*q**3 + 18. Is p(d) prime?
False
Let k(s) = 19*s**3 - 78*s**2 - 60*s + 308. Is k(27) a prime number?
True
Suppose 4*u - 9*u + 19125 = 2*d, -u + 3802 = 5*d. Suppose 919 = 6*t - u. Is t prime?
False
Let o(i) = 8*i**2 - 20*i + 2. Let a(p) = -7*p**2 + 19*p - 2. Let y(z) = 6*a(z) + 5*o(z). Let q be y(7). Is q*(-2 + 1766/(-4)) a prime number?
True
Let h(t) = -12*t**3 - 2*t**2 + 39*t + 9. Let l(m) = 23*m**3 + 4*m**2 - 78*m - 17. Let n(g) = 5*h(g) + 2*l(g). Is n(-7) a prime number?
False
Is (77523/(-30) - 0)/(86/(-860)) prime?
True
Let n = 340450 + -220131. Is n composite?
False
Suppose 15048 = -8*s + 12*s. Let w = s - 2639. Is w prime?
True
Is 1*(-2)/4 - (-251040473)/3158 a composite number?
False
Let l be (-3)/((-6)/(-2)) - -71. Suppose -y - 16 = -3*v - 7, -15 = y - 5*v. Suppose y = -l*f + 75*f - 3115. Is f composite?
True
Let r be 2/(-2) - 13788/(-4). Let a be (6 + (0 - 2))/((-3)/(-3)). Suppose -a*h = 3*n - 3*h - r, 3*h - 4603 = -4*n. Is n prime?
False
Let m(l) = 1834*l**2 - 77*l - 19. Is m(-12) a composite number?
True
Suppose -12*q + 207095 = -641761. Suppose -q - 86717 = -9*x. Is x a prime number?
False
Is -13 + (-22043 - -3)/(-4) a composite number?
True
Let a(o) be the first derivative of -5*o - 13. Let r(n) = -n + 4. Let h(i) = -3*a(i) - 2*r(i). Is h(12) a prime number?
True
Let v(z) = 150*z**2 - 60*z + 126. Let w(p) = -74*p**2 + 30*p - 63. Let k(h) = 6*v(h) + 11*w(h). Is k(-14) a composite number?
True
Let k = -87391 + 125202. Is k a composite number?
False
Suppose h = 2*p + 12, -4*h + 2*h + 16 = 4*p. Suppose -29*v = h*v - 267033. Is v a prime number?
False
Let b(l) = l - 3. Let j be b(4). Suppose -y + j = 10. Is (3/2)/1*(-2670)/y a prime number?
False
Suppose -15*w - 21849229 = -116*w. Is w prime?
True
Suppose 5*r + 2*v - 26 = -0*v, 4*v = r + 8. Suppose -4*g - z + 13883 = 89, -6890 = -2*g - r*z. Is g prime?
True
Let t(y) be the third derivative of 2107*y**4/6 + 5*y**3/2 - 68*y**2 - 1. Is t(2) a composite number?
False
Suppose -2*h = -3*b - 285059, -4*b - 720443 = -5*h - 7792. Is h composite?
True
Suppose -8 = 3*y + 10. Let t be (-95)/30*2 - (-4)/y. Is 839/1 - 0/t a composite number?
False
Suppose -3*j + 130 - 43 = 0. Suppose -2*p + j - 25 = 0. Suppose p*s = -s + 1059. Is s a composite number?
False
Let q(j) = -j**2 + 5*j + 10. Let a be q(6). Suppose a*u = -u. Suppose u = 4*t - 3136 - 220. Is t a prime number?
True
Suppose -6*g - 29396 = -8*g. Suppose -2*p = 8, 5*r - 7*p = -10*p + g. Is r a prime number?
False
Let l(o) = 5846*o - 1535. Is l(12) prime?
False
Let h = 207 + -207. Suppose -6*y + 24756 - 5130 = h. Is y a prime number?
True
Let q(z) = z**2 - 8*z - 17. Let a(x) = -9*x. Let b be a(-1). Let k be q(b). Is (k + 1)/(2/(0 - 766)) a prime number?
False
Let p = 14707 + -5676. Is p composite?
True
Let u(r) = 2490*r + 116. Let n be u(1). Let v(h) = 1301*h. Let w be v(1). Let t = n + w. Is t composite?
False
Let r = 94 - 95. Is (197 + r)/(4/94) - -1 composite?
True
Suppose 125 + 13 = -6*j. Let a = -19 - j. Suppose -a*t = 4*d - 180 - 724, -t = -2*d - 217. Is t a prime number?
True
Suppose -30*h + 22*h = 36*h - 7288732. Is h a composite number?
False
Let a = 7304 + 10033. Suppose 3*m = -2*z + 17337, 0*m - 3*m + a = 5*z. Is m prime?
True
Let t = 140835 - -407632. Is t composite?
True
Suppose 2*h + 2354721 = 3*b, -h - 3139628 = -17*b + 13*b. Is b prime?
False
Let y(b) = -140088*b**3 - 14*b**2 - 9*b - 5. Is y(-2) prime?
True
Suppose 0 = -5*g + 31 - 21. Suppose -2 + g = -q. Suppose q = -3*a - 816 + 4161. Is a a composite number?
True
Let m be -6*(-10)/(-180) + 703/3. Suppose -m = -21*b + 585. Is b a prime num